 -3*i. Is i a prime number?
False
Suppose -3*f - 270 = -5*f. Let k = -8 + f. Is k a prime number?
True
Let v(f) = 7*f**2 + f + 4. Let u(k) = -3*k**2. Let l be u(1). Let h be v(l). Let d = -38 + h. Is d a composite number?
True
Suppose 137 + 77 = 4*x - 5*m, -2*x - 5*m = -92. Let s = 110 - x. Is s prime?
True
Suppose 3*j + 984 = -3*y, -7*y - 3*j - 1316 = -3*y. Let r = -215 - y. Suppose -5*i + r = -38. Is i a composite number?
False
Let q = -6527 - -13822. Is q a composite number?
True
Let t(c) = 135*c - 1. Let s be t(-2). Let z = s - -398. Is z a composite number?
False
Suppose -6*d = -5*d + 10. Let a(c) = 6*c**2 - 7*c - 15. Is a(d) a prime number?
False
Is 1070 + (3 + -2 - 4) prime?
False
Let v = -25 - -152. Is v a prime number?
True
Suppose 4*z - z = -585. Let c = -93 - z. Let j = 151 - c. Is j prime?
False
Let t be (1 + -2)/(5/(-15)). Suppose -679 = -t*n + 5*j + 65, 5*n - 2*j = 1259. Is n composite?
True
Let f = -8 + -7. Let n = f - 0. Is ((-18)/n)/(1/5) composite?
True
Let i(r) = 10*r**3 + 4*r**2 - 2*r + 1. Is i(3) a composite number?
True
Suppose -3*l + 2*w + 919 = 0, 3*l - w = l + 613. Is l prime?
True
Let p = 7 + -5. Let d(o) = 2*o - 1 + 1 - 3*o + o**3 + p. Is d(0) a prime number?
True
Suppose -4*r - 769 = -3*c, -5*c + 1301 = 3*r - 0*r. Is c a composite number?
True
Suppose 0 = 3*m + 5*a - 64, -2*a = -4*m + 74 - 6. Suppose 0 = -4*z + 2*z + m. Is z prime?
False
Let n(f) = 15*f - 3 - 4*f - 4*f. Suppose 7 = -0*v + v. Is n(v) prime?
False
Let g = -685 + 1226. Is g composite?
False
Suppose -30 = 2*a - 4*a + h, -a + 12 = -2*h. Suppose -b - s + a = -4*s, 136 = 5*b - s. Suppose o = 3*o - b. Is o prime?
False
Suppose -3*w - 14 = -0*o - o, -4*w = 2*o + 12. Suppose -o*y + v = -y - 158, -4*v = 0. Is y prime?
False
Suppose -5 = f - 4*l, 4*f - l = 5 + 5. Suppose f*n = 34 + 2. Suppose n = s + 2. Is s a composite number?
True
Let z = -346 - -523. Suppose -2*q - 23 = -z. Is q composite?
True
Suppose 3*w = 51 + 6. Is w composite?
False
Let x(d) = 4*d**2 + 4*d - 3. Let u be (-5 - -3) + 7 + -1. Is x(u) a composite number?
True
Let f(g) = 11*g**2 - 13*g + 25. Is f(-12) a prime number?
False
Suppose 0 - 4 = -n. Let a(p) = -p**2 + 5*p - 4. Let b be a(n). Suppose -2*l + 233 - 15 = b. Is l prime?
True
Suppose 0 = -0*g - g. Suppose o - 2*o + 18 = g. Let m = 29 - o. Is m a composite number?
False
Let k(j) = -j**3 + 3*j**2 - 1. Suppose -2 = -o, 4*g - 25 + 3 = -3*o. Suppose -4 = 3*a - 2*r, g*a + 13 = -9*r + 4*r. Is k(a) a composite number?
False
Let p(x) = 4*x + 2*x - 4*x + 9 - x. Let t be p(-5). Suppose b - 59 = t*f, b - 5*f = 5*b - 215. Is b a prime number?
False
Suppose 2*n - 15 = 31. Is n composite?
False
Let x be (-4)/3*(-9)/(-2). Let d be -3*1 - (x - -8). Let f = 124 + d. Is f a prime number?
False
Let w = -3 - -6. Suppose 2*a - 4*a = w*c - 6, -15 = 5*c - 5*a. Suppose 3*g - 61 - 53 = c. Is g a prime number?
False
Let h(i) = i**3 - 2*i**2 - 4. Let n be h(3). Suppose 102 = 3*k + k - n*l, -5*l = -3*k + 79. Is k prime?
True
Let k(b) = b**3 - 6*b**2 - 10*b - 10. Is k(9) a composite number?
True
Let b(p) = -71*p - 7. Is b(-6) a composite number?
False
Let h(n) = n**2 - 3*n - 5. Is h(-11) composite?
False
Let v(y) = 5*y - 3. Let c be v(3). Let m = 103 - c. Is m a composite number?
True
Let h(v) = 6*v - 1 - 7 + 0 + v**2. Suppose -7 = -2*d - 5*s, 3*d + s = -3*s - 7. Is h(d) a prime number?
True
Suppose 0 = u + 2*u - 12. Suppose -61 = u*j - 5*j - 2*c, 4*j - 262 = -2*c. Is j composite?
False
Let p(y) = 96*y**2 + 2*y + 17. Is p(7) a composite number?
True
Suppose 4*q - 244 = 2*a - 3*a, 3*a + q - 787 = 0. Suppose -5*i + 6*y + 262 = 3*y, -y - a = -5*i. Is i a composite number?
False
Suppose -3241 - 8993 = -6*d. Is d a prime number?
True
Suppose -3*q + 0 - 9 = 0. Let j = 15 - 13. Is (j + 13/q)*-183 a prime number?
False
Suppose 114 = 2*s + 2*q, -4*s + 6*s - 114 = -5*q. Is s a prime number?
False
Suppose -4*k = 2*x - 600, -104 - 46 = -k + 2*x. Suppose s - 5*m = -2*s + k, -m = 0. Let j = s - 31. Is j a composite number?
False
Let y = 8 + -3. Suppose -x + 44 = -y. Is x a composite number?
True
Let v = -531 - -236. Let n = v - -471. Let w = n - 109. Is w a prime number?
True
Suppose 0*t - 12161 = -2*w - 3*t, -3*w - 5*t = -18240. Is w a composite number?
True
Let f = 185 - 74. Is f a composite number?
True
Suppose g + 5*d = 2*g - 1156, 5*g - 5757 = 2*d. Is g prime?
True
Let i(f) = -f**3 + 12*f**2 - 16*f - 19. Is i(8) a composite number?
False
Is 5207/3 - (-12)/(-18) a composite number?
True
Suppose -13*q + 147 = -100. Is q prime?
True
Suppose -4*z + z + 4506 = 0. Is z prime?
False
Let u(k) = -650*k - 17. Is u(-1) composite?
True
Let q(o) = -o**3 + 9*o**2 - 11*o + 10. Let l be q(8). Let w = l + 39. Is w prime?
False
Suppose 3*c - 463 = -4*k, 5*k + c - 587 = -11. Is k composite?
True
Is ((-737)/(-44))/(1/12) prime?
False
Let f(y) = -y**3 - 2*y**2. Let r be f(-2). Suppose -3*g - 34 - 146 = r. Let x = 5 - g. Is x prime?
False
Let b be (-72)/(-16) + (-3)/2. Let g = 89 - 54. Suppose b*j + 3*r + 2*r - 105 = 0, j + 4*r = g. Is j composite?
True
Let j(r) = 7 - 5*r**2 + 4*r**2 + 0*r**2. Is j(0) a prime number?
True
Suppose 0 = -6*h + 3*h + 15. Suppose -4*j - 5*o + 44 = -249, -h*j + 325 = -2*o. Is j a composite number?
False
Suppose -3*b = -2*b + 8. Let f(r) = -r**3 - 7*r**2 + 6*r - 3. Is f(b) a prime number?
True
Let x be 3/(-6)*(-188)/1. Suppose x + 26 = -5*a. Is 2/4*-2 - a prime?
True
Let u(j) = j**3 - 6*j**2 + 3*j - 3. Let i = 24 - 16. Is u(i) a prime number?
True
Let p be 3/15 + (-54)/(-5). Is (-10863)/(-33) + (-2)/p prime?
False
Suppose 0 = 2*w + z - 5, -2*z = -w + z + 20. Suppose -t + 6 = 2*g - 3*t, -w*g - t + 15 = 0. Is (-767)/(-4) - g/4 a prime number?
True
Let v(l) = l + 11. Let q be v(-8). Let z = q + 1. Is z composite?
True
Let m(i) = -i + 31. Is m(16) a prime number?
False
Let d = 2 + 1. Suppose d*t = -4*l + 63, 3*l + 0*t = -2*t + 47. Suppose -l = -2*k + 13. Is k composite?
True
Let r(k) = -3*k. Let z be r(-2). Let o be (-732)/(-14) - z/21. Suppose -5*y - 3*n + 72 = -20, -o = -3*y - 5*n. Is y composite?
False
Suppose -4*d - 384 = 16. Let l be ((-3)/3)/(-1) - d. Let h = l - -48. Is h a composite number?
False
Suppose 346 = y - 4*k, 2*k + 2*k + 672 = 2*y. Is y prime?
False
Suppose -w + 3 = -0. Suppose 3*t - 38 - 18 = -4*s, 32 = 4*s - w*t. Is s a composite number?
False
Suppose 4*s - 40 = 316. Is s prime?
True
Suppose 0 = -5*b - 20, 2*v + 5*b = 3*v - 25. Let y be 4/(-14) + 4398/7. Suppose -i - y = -v*i. Is i a composite number?
False
Suppose 4*o = 241 + 411. Is o a composite number?
False
Let w(x) = 9*x**2 - 2*x + 12. Is w(-5) composite?
True
Suppose 982 = 4*i + 2*m, 2*i - m + 42 - 527 = 0. Suppose -4*x = 372 + i. Is (-4)/10 - x/10 a prime number?
False
Suppose -94 = 5*t + 176. Let n = 413 + t. Is n composite?
False
Let x = -492 - -224. Let a = x - -561. Is a composite?
False
Let a = -233 + 360. Is a prime?
True
Suppose 0 = -4*r - 0*r + 24. Suppose -2*o - 8 = z, 2*z - 15 = o - r. Suppose 4*b - 5*b = -4, 4*i - 204 = z*b. Is i prime?
True
Suppose -x - 1163 = -2*m, 1746 = -0*m + 3*m - 3*x. Is m a prime number?
False
Let f(v) = -v - 8. Let d be f(-8). Suppose d = 5*z + q - 2090, 3*z - 1267 = -3*q + 5*q. Is z a prime number?
True
Let z = -14 + 60. Suppose z = 4*k - 86. Is k a composite number?
True
Let a = 2 - -291. Is a prime?
True
Let b(w) = -3*w**3 + w**2 + w + 1. Let t be b(-2). Suppose a + 0*a = -t. Let r = 12 - a. Is r prime?
False
Suppose -2*i - 2*w = -3448, 0 = -2*i + 5*w + 1683 + 1786. Is i a composite number?
True
Suppose -4*w = 5*p - 13939, -2*p - 10 = -0. Is w composite?
False
Let c(a) = a**2 + 4*a + 2. Let t be c(-3). Let l = t + 3. Suppose l*v - 25 = -5*h, -v + 5*h + 21 = 1. Is v prime?
False
Let n(k) = k**2 - 4. Let l be n(3). Suppose 0 = -l*z - 15, -183 = -h - 4*z + 98. Is h a prime number?
True
Suppose -8*c + 3810 = -11*c. Is (15/10)/((-3)/c) composite?
True
Suppose 2*i - 5*f - 15 = 0, -3*i + f + 2*f + 9 = 0. Suppose 3*v - 427 = -y, i = 2*v + 3*v - 4*y - 723. Is v prime?
False
Is (-82)/((-7)/(105/6)) composite?
True
Let b(d) be the third derivative of -4*d**4/3 - d**3/3 + 6*d**2. Is b(-2) a composite number?
True
Suppose -5*s = -5*b + 85, -2 - 5 = -b + 3*s. Suppose -p + b = -16. Is p composite?
True
Suppose -5*d + 4 = -4*f, 3*f - 5 = 7. Suppose -d*v = 0, -a - 4*a +